{"id":19106,"date":"2021-11-24T10:23:54","date_gmt":"2021-11-24T09:23:54","guid":{"rendered":"https:\/\/ticunivers.com\/?post_type=product&#038;p=19106"},"modified":"2024-03-09T14:06:31","modified_gmt":"2024-03-09T13:06:31","slug":"hp-probook-450-g7-8vu77ea-intel-core-i5-10210u-8-go-ssd-256-go-15-6-led-full-hd-wi-fi-ax-bluetooth-webcam-windows-10","status":"publish","type":"product","link":"https:\/\/ticunivers.com\/index.php\/product\/hp-probook-450-g7-8vu77ea-intel-core-i5-10210u-8-go-ssd-256-go-15-6-led-full-hd-wi-fi-ax-bluetooth-webcam-windows-10\/","title":{"rendered":"HP ProBook 450 G7 (8VU77EA) &#8211; Intel Core i5-10210U 8 Go SSD 256 Go 15.6&#8243; LED Full HD Wi-Fi AX\/Bluetooth Webcam Windows 10"},"content":{"rendered":"<p><strong>HP ProBook 450 G7 (8VU77EA) &#8211; Intel Core i5-10210U 8 Go SSD 256 Go 15.6&#8243; LED Full HD Wi-Fi AX\/Bluetooth Webcam Windows 10<\/strong><\/p>\n<ul>\n<li>Processeur : Intel Core i5 (10\u00e8me g\u00e9n\u00e9ration) 10210U \/ 1.6 GHz<\/li>\n<li>RAM : 8 Go (1 x 8 GB)<\/li>\n<li>R\u00e9solution : 1920 x 1080 (Full HD)<\/li>\n<li>Fonctions : Anti-\u00e9blouissement, gamme de couleurs \u00e9tendue NTSC de 45 %<\/li>\n<li>Stockage principal : 256 Go SSD M.2 2280 PCIe &#8211; NVM Express (NVMe)<\/li>\n<li>Processeur graphique : Intel UHD Graphics<\/li>\n<li>Syst\u00e8me d&#8217;exploitation : Windows 10 Pro Edition 64 bits<\/li>\n<\/ul>\n","protected":false},"excerpt":{"rendered":"<p>HP ProBook 450 G7 (8VU77EA) &#8211; Intel Core i5-10210U 8 Go SSD 256 Go 15.6&#8243; LED Full HD Wi-Fi AX\/Bluetooth Webcam Windows 10 Processeur : Intel Core i5 (10\u00e8me g\u00e9n\u00e9ration) 10210U \/ 1.6 GHz RAM : 8 Go (1 x 8 GB) R\u00e9solution : 1920 x 1080 (Full HD) Fonctions : Anti-\u00e9blouissement, gamme de couleurs [&hellip;]<\/p>\n","protected":false},"featured_media":19107,"template":"","meta":[],"product_cat":[216],"product_tag":[],"class_list":{"0":"post-19106","1":"product","2":"type-product","3":"status-publish","4":"has-post-thumbnail","6":"product_cat-pc-portables","8":"first","9":"instock","10":"shipping-taxable","11":"product-type-simple"},"_links":{"self":[{"href":"https:\/\/ticunivers.com\/index.php\/wp-json\/wp\/v2\/product\/19106","targetHints":{"allow":["GET"]}}],"collection":[{"href":"https:\/\/ticunivers.com\/index.php\/wp-json\/wp\/v2\/product"}],"about":[{"href":"https:\/\/ticunivers.com\/index.php\/wp-json\/wp\/v2\/types\/product"}],"wp:featuredmedia":[{"embeddable":true,"href":"https:\/\/ticunivers.com\/index.php\/wp-json\/wp\/v2\/media\/19107"}],"wp:attachment":[{"href":"https:\/\/ticunivers.com\/index.php\/wp-json\/wp\/v2\/media?parent=19106"}],"wp:term":[{"taxonomy":"product_cat","embeddable":true,"href":"https:\/\/ticunivers.com\/index.php\/wp-json\/wp\/v2\/product_cat?post=19106"},{"taxonomy":"product_tag","embeddable":true,"href":"https:\/\/ticunivers.com\/index.php\/wp-json\/wp\/v2\/product_tag?post=19106"}],"curies":[{"name":"wp","href":"https:\/\/api.w.org\/{rel}","templated":true}]}}